z) = -z**3 + 3*z**2 - 3*z + 1. Determine i(s).
-8
Let x(u) = -u**3 - u**2 + 13. Let y(q) = 4*q**2 + 16*q. Let w be y(-4). Determine x(w).
13
Let m(z) = -z**3 + 11*z**2 + 4*z - 3. Let a(g) = -g**3 + 12*g**2 + 5*g - 4. Let v(s) = 6*a(s) - 7*m(s). Give v(2).
-11
Let w(f) = -f - 13. Let a(g) = -3*g**2 - g + 1. Let v be a(-2). Give w(v).
-4
Let k(c) = c - c + 8*c. What is k(-2)?
-16
Suppose -2*x = -3*v + 5*v, x - 6 = -4*v. Suppose -n + v*y = 5, -n + 4*y - 8 - 5 = 0. Let h(b) = 4*b**3 + 3*b**2 + 3 - 3*b + b**n - 4*b**3. Determine h(-4).
-1
Suppose 0 = -6*o + o - 5*w, -3*o + 5*w + 40 = 0. Suppose -5*h + 2*h = o*b + 15, 4*h + 4*b = -12. Let p(c) = c**3 + 1 + c**3 + h*c**3. Determine p(-1).
-1
Let s(g) = -g - 6. Suppose x - 5*x - 12 = 0, -5*i = x + 28. Determine s(i).
-1
Suppose 0*h - 9 = 4*q + h, -4*h - 12 = 4*q. Let g be (-1 + 2)*(-2)/q. Let i(b) = g + 5 + 3 - b - 4. What is i(3)?
2
Let o(q) = q**2 + q - 11. Let g be (-2)/((-6)/(-3)) - -3. Let s(r) = r**2 - 2*r. Let w be s(g). Calculate o(w).
-11
Let s(u) = -1. Let m(q) = q + 14. Let y(g) = m(g) + 6*s(g). What is y(0)?
8
Let a = -71 - -67. Let i(n) = 3*n - 1. Calculate i(a).
-13
Suppose 0 = 3*h - h - 6. Let s(o) be the first derivative of -o**3/3 + 7*o**2/2 - 4*o + 1. Determine s(h).
8
Let j(h) = h**3 - h**2 - 2*h - 3. Let m be 4*12/32*2. Determine j(m).
9
Suppose 10 = -2*k - z + 3*z, -2*z + 14 = -4*k. Let j be -1 - -3 - (k + 5). Let h(s) = -6*s**3 - s**2 - s - 1. Determine h(j).
5
Let j(w) = 9*w + 5. Let t(g) = -19*g - 12. Let m(a) = -13*j(a) - 6*t(a). What is m(5)?
-8
Let q(z) = -z + 7. Suppose -x = 2 - 9. What is q(x)?
0
Let s(k) = k**2 + 3*k + 3. Let v = -12 + 18. Suppose 0 = -o - v + 1. What is s(o)?
13
Suppose 0*t = 5*t - 15. Let n(p) = t - p - 2*p + 7*p + 2. Calculate n(-5).
-15
Let n be 2 - 20/5 - 1. Let c be -2 - (0 + (0 - 1)). Let z = n + c. Let k(p) = -p**2 - 2*p + 4. Calculate k(z).
-4
Suppose 0*f = -5*f - h + 10, -4*f - 2*h = -2. Let k(x) = -2*x**3 - 3*x**2 + 3*x**3 - f*x + 0 - 2. Determine k(4).
2
Let b(j) = 3*j + 2. Let h(c) = -3*c + 5*c - 2 - 5*c. Let m(x) = 6*b(x) + 5*h(x). Suppose -t - t - 10 = 0. Give m(t).
-13
Let d(g) = 3*g + 5. Let i(s) = 4*s + 6. Let y(k) = -5*d(k) + 4*i(k). Let p(x) = -x**3 - 9*x**2 - 2*x - 17. Let f be p(-9). Determine y(f).
0
Let a(w) = 2*w + 3. Let j(f) = -f**2 + 7*f - 1. Let x be j(6). Suppose 2*p - m + 18 = -2*p, -x*p + 5*m - 15 = 0. What is a(p)?
-7
Let z(y) = 456*y + 2*y**2 - 229*y - 228*y. Calculate z(-1).
3
Let x(r) = -1 - 6*r - r**2 + 1 + 2 + 1 + r. Let c be (-6)/1 + 0/2. What is x(c)?
-3
Let g be (-8)/18 + (-620)/(-180). Let d(z) = 2*z**2 - 2*z - 2. Give d(g).
10
Let f(y) be the second derivative of -y**7/2520 - y**6/240 - y**5/120 - y**4/6 + 2*y. Let o(p) be the third derivative of f(p). Give o(-4).
-5
Let h(m) = 8*m + 1. Let c(n) = 5*n + 21. Let o be c(-4). Give h(o).
9
Let s(r) be the second derivative of 0*r**3 - 1/6*r**4 + 1/60*r**5 - 1/180*r**6 + 0*r**2 + 2*r + 0. Let k(t) be the third derivative of s(t). Give k(2).
-6
Let x = 8 + -3. Suppose -5*r + 5 = 0, -5*w + 2*r + x = -23. Let c(g) = 4*g + 3*g - g**2 + 1 - w*g. Determine c(-2).
-5
Let u(r) = -r**3 + 8*r**2 - 8*r - 2. Suppose -24*s + 23*s = -7. What is u(s)?
-9
Let s(z) be the third derivative of 1/6*z**3 - 1/24*z**4 + 0*z + 0 - 3*z**2. Determine s(6).
-5
Suppose j - 5*f = 6 + 5, -2*f - 3 = j. Let k(s) be the first derivative of -s + s**2 + 1 + 0*s**3 - 5/4*s**4. Calculate k(j).
-4
Let i = 20 - 16. Let y be (-3)/(-12) + (-35)/(-4). Let w(x) = -2*x + y - x + i*x. Give w(-5).
4
Suppose 4*p - 3*p - 4 = 0. Suppose 4*x = -j - 3*j - 4, -p*j - x + 11 = 0. Let c(h) = -h**3 + 5*h**2 - 5*h + 4. Determine c(j).
0
Let y(s) = s**2 + 4*s - 7. Let b be -1 + 8/(-2) + -1. Calculate y(b).
5
Let g(a) = a - 5. Let w be g(0). Let j(l) = 4*l**2 - 5*l - 6. Let f(n) = -n**3 + n - 1. Let h(q) = f(q) - j(q). What is h(w)?
0
Let l(x) = -2*x**3 + 5*x**2 - 9*x + 5. Let n(w) = -3*w**3 + 8*w**2 - 13*w + 7. Let o(f) = -7*l(f) + 5*n(f). Calculate o(3).
12
Let p(h) = 1 + h - 2 + 2 + 6. What is p(-4)?
3
Let p be (0/(-2))/(4/(10 + -6)). Let l(z) = -z**3 + z**2 + 4. What is l(p)?
4
Let o(f) be the third derivative of -f**6/120 + f**5/10 - 5*f**4/24 - f**3/3 + 44*f**2. Give o(5).
-2
Let t(f) = -5*f + 1. Let o be (-8)/6 - 26/(-6). What is t(o)?
-14
Let w(l) = -4*l**3 - 4*l**2 + 5. Let f be (-1 + 0)/(-2 - -3). Let j(r) = -r**3 + 1. Let t(n) = f*w(n) + 5*j(n). Suppose -119 + 155 = 9*k. What is t(k)?
0
Let y(l) = -2*l - 1. Let z(x) = x + 1. Let b(q) = -4*y(q) - 9*z(q). Let k = 7 - 5. Suppose -k*n = -3*n - 5*u, 5*n - 21 = -4*u. Determine b(n).
-10
Let c = -3 + -2. Let h(n) = -2*n**2 + 21*n + 9. Let m(g) = -g**2 + 10*g + 4. Let w(l) = c*m(l) + 2*h(l). What is w(6)?
-14
Let z(h) = -h**2 + 7*h - 5. Let s be z(2). Let w(j) = j**3 - 5*j**2 - 6. Determine w(s).
-6
Suppose w + 1 = u - 3, 4*u + 3*w = 2. Let p(g) = -2*g + 6 - u*g + 16*g**3 - 15*g**3 + 4*g**2. Give p(-5).
1
Let z be (3 - 2)/(2/(-22)). Let i = -14 - 1. Let u = z - i. Let b(v) = -v**3 + 5*v**2 - 4*v - 1. Calculate b(u).
-1
Let u(c) = -c**3 - 6*c**2 + 5*c - 4. Let p(d) = 6*d**3 + 30*d**2 - 25*d + 20. Let m(b) = 2*p(b) + 11*u(b). Give m(5).
-4
Let c(o) = -5*o - 1. Let t(b) = -6*b - 1. Let m(x) = -7*c(x) + 6*t(x). Let f = 7 + -5. Suppose -2*u + 3*u = -3*l - f, 2*u = 2*l + 12. Calculate m(u).
-3
Let o be ((16/(-6))/2)/(-2 + 0). Let v(g) be the first derivative of 2*g - 4 + g**2 - o*g**3. Calculate v(2).
-2
Let u(n) be the first derivative of -n**2/2 - 5*n - 1. Suppose 22 - 22 = -w. What is u(w)?
-5
Suppose 4 = -l + 2*l. Suppose 8 = -2*p, -p = l*z + 23 + 1. Let g(s) = -s**2 - 9*s + 3*s + 0*s**2. Determine g(z).
5
Let h be (-115)/(-25) - 2/(-5). Let u(n) = -n**2 + 4*n + 7. Calculate u(h).
2
Let q(y) = 9*y**3 - 6*y**2 - 7*y - 8. Let v(d) = 9*d**3 - 5*d**2 - 6*d - 7. Let b(g) = 6*q(g) - 7*v(g). Calculate b(-1).
9
Let a(d) = -2*d - 2 + 4*d**2 + 3*d - d**2. Suppose -5*i = -20, 0*f + 4*i = 4*f + 20. Let v be ((-1)/f - 2) + -1. What is a(v)?
8
Suppose -18*y - 16 = -14*y. Let x(u) = -4*u. Calculate x(y).
16
Let i(c) = 3*c - 6. Let y be (2 - 1) + (4 - 1). Suppose 2*t = -3*r + 12, y*r - 16 = -0*r + 3*t. Give i(r).
6
Let p be 1/(-6) - (-26)/12. Suppose 6*g - 8 = p*g. Let j(a) = -2*a - 1. What is j(g)?
-5
Suppose 0 = 5*h + 16 + 4. Let q(m) = -m**3 - 5*m**2 - 3*m + 3. Give q(h).
-1
Let w(o) = -3*o**3 + 2*o + 1. Let j(a) be the second derivative of -a**4/12 - a**3/6 + a**2/2 + 3*a. Let t be j(-2). What is w(t)?
2
Suppose -7*h = 3*d - 3*h - 6, 0 = -3*d + 3*h + 6. Suppose 2*q - 4 = -0. Let p(w) = -q*w + w**3 - w**2 + w - 2 + 0*w**d. Calculate p(2).
0
Suppose 3*c + 7 = 3*q - 2, 4*q + c = 7. Suppose q*x - x = 3. Let r(v) = 6*v + v**3 - 23*v - 3*v**2 + 1 + 9*v + 9*v. Determine r(x).
4
Let d(h) = 4 - 7*h - 3 + 5*h - 2. Calculate d(-1).
1
Let i(y) be the first derivative of 5*y**4/4 - y**2 + y + 2. What is i(1)?
4
Let u(j) be the third derivative of j**8/3360 - j**7/630 + j**6/240 - j**5/60 + j**4/6 - 3*j**2. Let d(l) be the second derivative of u(l). What is d(2)?
4
Suppose 5*q - 2*i - 16 = 0, 4*q = q + 3*i + 6. Let g(w) = -3*w + 6. Determine g(q).
-6
Let g be 5/(34 + -4) + 0. Let t(z) be the second derivative of 1/20*z**5 + g*z**3 + 1/12*z**4 + 0*z**2 + 4*z + 0. What is t(-2)?
-6
Suppose 0 = -k - 4*z - 1, 0*k + 14 = 4*k - 2*z. Let f(d) = d**3 + 0*d**3 - 2*d**3 + 1 - k*d**2 + 4*d. Determine f(-3).
-11
Let v = 46 - 52. Let d(b) = -b - 6. What is d(v)?
0
Let h(g) = -g + 2. Let f(c) = c**2 - 4*c - 2. Let s be f(5). Let o = 3 - s. Let y = 0 - o. What is h(y)?
2
Let m(p) = -p + 1. Let b be m(2). Let w(k) be the second derivative of -k**5/20 + k**3/6 + k**2/2 + 21*k. What is w(b)?
1
Let g(x) = -x**2 - x. Let k(a) = 10*a**2 + 14*a. Let b(z) = -12*g(z) - k(z). What is b(2)?
4
Let h(z) = -3 + z - z**3 + 0*z + 5*z**2 + 8 - 5*z. Give h(4).
5
Let y(m) be the first derivative of -2 + 1/2*m**2 + 0*m. Let n = 1 - 2. Calculate y(n).
-1
Suppose 2*t = t. Suppose t*z = -z + 2. Let m(h) = -h**2 + 2*h + 2. Give m(z).
2
Let b be (-10)/2*(-6)/(-15). Let d(v) = 6*v - 2. Give d(b).
-14
Let n(k) = -k + 1. Let d(a) = 3*a - 4. Let m(s) = d(s) + n(s). Suppose -5 = -5*h - 0. Suppose 0 = 3*u + 8 + h. Calculate m(u).
-9
Let y(j) = 7*j**3 + 38*j**2 + 2*j - 38*j**2 - 1. Suppose 5*k - 8 = -3*l - 0, -4*l + 8 = 4*k. Determine y(l).
